{"id":71,"date":"2020-07-28T19:33:40","date_gmt":"2020-07-28T19:33:40","guid":{"rendered":"https:\/\/magia-esencias-inciensos.com\/?page_id=71"},"modified":"2020-07-28T19:33:40","modified_gmt":"2020-07-28T19:33:40","slug":"faqs","status":"publish","type":"page","link":"https:\/\/magia-esencias-inciensos.com\/?page_id=71","title":{"rendered":"FAQs"},"content":{"rendered":"<p><strong>\u00bfQu\u00e9 necesitas para que la Magia funcione? <\/strong><\/p>\n<ul>\n<li>Para que la magia funcione necesitas algunos ingredientes esenciales. Lo m\u00e1s importante es que, como con la religi\u00f3n, t\u00fa debes creer en la parte m\u00e1s profunda de tu alma que el hechizo funcionar\u00e1. Tambi\u00e9n necesitas tener fe en ti mismo y que utilizando la magia estar\u00e1s haciendo algo bueno por ti y por otros. Debes ser perseverante, como lo es el reino espiritual eterno y puede trabajar en caminos misteriosos.<\/li>\n<li>Nunca sabremos cuando el hechizo se har\u00e1 realidad ni exactamente en qu\u00e9 manera. Lo que se pudiera ver al principio como un resultado no deseado, la mayor\u00eda de las veces prueba ser lo mejor. Tambi\u00e9n debes seguir las instrucciones que te enviaremos v\u00eda email despu\u00e9s de tu compra del hechizo. Sin estos ingredientes esenciales tu hechizo est\u00e1 condenado a fallar.<\/li>\n<\/ul>\n<p><strong>What do you need for Magic to work? <\/strong><\/p>\n<ul>\n<li>For magic to work it needs some essential ingredients. The most important one is that, like with religion, you must believe in the deepest part of your soul that the spell will work. You also need to have faith in yourself that by using magic you will be doing something good for yourself and for others. You must be perseverant, as the spiritual realm is timeless and may work in mysterious ways.<\/li>\n<li>We never know when the spell will come through, and in exactly what way. What might be seen at first as an unwanted outcome, most of the time proves to be for the best. You must also follow the instructions we will send you via email after you purchase a spell. Without those essential ingredients your spell is doomed to fail.<\/li>\n<\/ul>\n<p><strong>\u00bfQu\u00e9 tal si yo quiero aprender magia o hacer mis propios hechizos? <\/strong><\/p>\n<ul>\n<li>La magia es una forma de vida para mucho de nosotros y m\u00e1s y m\u00e1s gente quiere aprender m\u00e1s acerca del tema y hacer sus propios hechizos. Aprender magia es una b\u00fasqueda de toda la vida, pero todos pueden hacerla. Te puede ayudar a convertirte en mejor ser humano y si vives por sus principales principios puedes hacer un impacto en el universo y lograr un mejor lugar para vivir.<\/li>\n<li>Si est\u00e1s interesado en seguir clases de magia en l\u00ednea o asistir a seminarios, por favor llena la forma de abajo y d\u00e9janos saber acerca de tus intereses. Si existe suficiente demanda pronto pondremos una serie de clases en l\u00ednea y prepararemos algunos seminarios y te contactaremos para avisarte de ellos.<\/li>\n<li>Tambi\u00e9n planeamos poner en el mercado algunos conjuntos de hechizos que contienen los mismos ingredientes que usamos para lanzar nuestros hechizos con instructivos completos de c\u00f3mo prepararte y hacer el hechizo. Pronto ofreceremos una l\u00ednea completa de art\u00edculos de magia en nuestra tienda en l\u00ednea.<\/li>\n<\/ul>\n<p><strong>What if I want to learn magic or perform my own spells? <\/strong><\/p>\n<ul>\n<li>Magic is a way of life for many of us, and more and more people like to learn more about the subject and perform their own spells. Learning magic is a lifelong quest, but everybody can do it. It can help you become a better human being and if you live by its main principles you can make an impact on the universe and make it a better place to live.<\/li>\n<li>If you are interested in following online classes in magic or attending seminars, please fill the form below and let us know about your interests. If there is enough demand we will soon post a series of online classes, and prepare some seminars, and contact you about them.<\/li>\n<li>We also plan to soon put into the market some spell kits that contains the same ingredients we use to cast our spells with complete instructions on how to prepare yourself and do the spell. We will soon also be offering a full line of magical items in our online store.<\/li>\n<\/ul>\n<p><strong>\u00bfQu\u00e9 hago si tengo una necesidad urgente de ayuda M\u00e1gica?<\/strong><\/p>\n<ul>\n<li>Si est\u00e1s en una situaci\u00f3n potencialmente peligrosa, si est\u00e1s en una relaci\u00f3n abusiva, si alguien te amenaza o quiere da\u00f1arte, si te quieres suicidar, o est\u00e1s en cualquier situaci\u00f3n que no sabes qu\u00e9 hacer o est\u00e1s temeroso de tu seguridad o la de otros, por favor contacta a tus autoridades locales. La magia no es una soluci\u00f3n para problemas urgentes como estos y no podemos ayudarte de ninguna manera con esta clase de problemas.<\/li>\n<li>Por otro lado, si tienes un problema que puede ser resuelto o ayudado por la magia y necesita una soluci\u00f3n urgente, por favor selecciona la opci\u00f3n de servicios urgentes cuando completes tu orden. Todas las compras de nuestros hechizos son procesadas en el orden en que las recibimos. Con el servicio Express y un cargo adicional, pondremos tu nombre al principio de la lista para que tu orden sea procesada tan r\u00e1pido como sea posible.<\/li>\n<\/ul>\n<p><strong>What do I do if I have an urgent need for magical help? <\/strong><\/p>\n<ul>\n<li>If you are in a potentially dangerous situation, if you are in an abusive relationship, if somebody threatens you or wants to harm you, if you feel like committing suicide, or are in any situation where you do not know what to do or are fearful of your safety or of the safety of others, please contact your local authorities. Magic is not a solution for urgent problems like these and we cannot help you in any way with those kind of problems.<\/li>\n<li>On the other had if you have a problem that can be solved or helped by magic and that is in need of an urgent solution, please select the rush service option when you checkout your order. All of our spell purchases are processed in the order they are received. With the express service for an additional fee we will place you name at the head of the list so that your order is processed as rapidly as possible.<\/li>\n<\/ul>\n<p><strong>Denegaci\u00f3n<\/strong><\/p>\n<ul>\n<li>Como en cualquier trabajo de magia los efectos de un hechizo pueden ser inmediatos o pueden tomar tiempo para que sucedan. Todo depende del nivel actual de energ\u00eda espiritual, la descripci\u00f3n exacta de tus necesidades y tu concentraci\u00f3n y determinaci\u00f3n de hacer que el hechizo se cumpla. Los resultados variar\u00e1n de persona a persona. El resultado de tu hechizo est\u00e1 sujeto a tu propia interpretaci\u00f3n personal. T\u00fa eres responsable de todas tus propias elecciones y\/o de tus acciones.<\/li>\n<li>Los hechizos y lecturas son s\u00f3lo para prop\u00f3sitos de entretenimiento y debes tener al menos 18 a\u00f1os para poder comprarlos. El hechizo que compres no puede ser un sustituto de cuidado o asesor\u00eda profesional, legal, medica, financiera o psiqui\u00e1trica.  T\u00fa aceptas que tus hechizos y sus efectos est\u00e1n sujetos a tu propia interpretaci\u00f3n. No podemos mantener la responsabilidad de cualquier problema, estr\u00e9s o p\u00e9rdida de ingresos causada por cualquier persona o evento incurrido en el proceso en el que proporcionamos un servicio a los clientes.<\/li>\n<li>Nos reservamos el derecho de rechazar a clientes que sean agresivos, abusivos, que no paguen, acosadores o utilicen lenguaje inapropiado o amenazas personales.<\/li>\n<li>Todos nuestros servicios son totalmente privados y confidenciales, as\u00ed que puedes preguntar absolutamente cualquier cosa.<\/li>\n<li>Por favor nota que no existen garant\u00edas ni reembolsos disponibles sobre cualquier producto o servicio que ofrecemos en este sitio.<\/li>\n<li>Recuerda que una vez que un hechizo es lanzado no podemos anularlo. Si por alguna raz\u00f3n u otra no deseas que un hechizo sea lanzado antes que realmente sea lanzado, por favor av\u00edsanos v\u00eda email inmediatamente. Todas las compras son finales, pero gustosamente intercambiaremos un hechizo no lanzado por otro del mismo precio. Si el hechizo ya fue lanzado haremos lo mejor para lanzar un poderoso contra hechizo sin cargo alguno para contrarrestar los efectos del hechizo original, pero no podemos garantizar su efectividad o cualquier problema que surja de ambos hechizos.<\/li>\n<\/ul>\n<p><strong>Disclaimer<\/strong><\/p>\n<ul>\n<li>As with any magical work the effects of the spell can be immediate or take time to happen. It all depends on the current level of the spiritual energy, the exact description of your needs, and you concentration and determination to have the spell come through.<\/li>\n<li>Results will vary from person to person. The result of your spell is subject to your own personal interpretation. You are responsible for all of your own choices and\/or actions.<\/li>\n<li>Spells and readings are for entertainment purposes only; and you must be at least 18 years old to make their purchase. The spell you purchase cannot be a substitute for professional, legal, medical, financial or psychiatric advice or care. You agree that your spell and its effects are subject to your own interpretation. We cannot be held responsible for any problems, stress or loss of income caused by any persons or event incurred in the process of providing a service to the clients.<\/li>\n<li>We reserve the right to refuse clients who are belligerent, abusive, non-paying, harassing, or who use inappropriate language or personal threats.<\/li>\n<li>All of our services are totally private and confidential, so you can ask absolutely anything.<\/li>\n<li>Please note that there are no warranties, guarantees, or refunds available on any products or services offered on this site.<\/li>\n<li>Remember that once a spell is cast we cannot recall it. If for some reason or other you do not wish to have a spell cast before it is actually cast, please advise us via email immediately. All spell purchases are final, but we will gladly exchange the un-cast spell for another one of the same value. If the spell is already cast we will do our best to cast a powerful counterspell at no charge to you to counteract the effects of the original spell, but we cannot guaranty its effectiveness or any problems arising from both spells.<\/li>\n<\/ul>\n<p><strong>Natalie<\/strong><\/p>\n","protected":false},"excerpt":{"rendered":"<p>\u00bfQu\u00e9 necesitas para que la Magia funcione? Para que la magia funcione necesitas algunos ingredientes esenciales. Lo m\u00e1s importante es que, como con la religi\u00f3n, t\u00fa debes creer en la parte m\u00e1s profunda de tu alma que el hechizo funcionar\u00e1. Tambi\u00e9n necesitas tener fe en ti mismo y que utilizando la magia estar\u00e1s haciendo algo &#8230; <a title=\"FAQs\" class=\"read-more\" href=\"https:\/\/magia-esencias-inciensos.com\/?page_id=71\" aria-label=\"Read more about FAQs\">Read more<\/a><\/p>\n","protected":false},"author":1,"featured_media":0,"parent":0,"menu_order":0,"comment_status":"closed","ping_status":"closed","template":"","meta":{"footnotes":""},"class_list":["post-71","page","type-page","status-publish"],"_links":{"self":[{"href":"https:\/\/magia-esencias-inciensos.com\/index.php?rest_route=\/wp\/v2\/pages\/71","targetHints":{"allow":["GET"]}}],"collection":[{"href":"https:\/\/magia-esencias-inciensos.com\/index.php?rest_route=\/wp\/v2\/pages"}],"about":[{"href":"https:\/\/magia-esencias-inciensos.com\/index.php?rest_route=\/wp\/v2\/types\/page"}],"author":[{"embeddable":true,"href":"https:\/\/magia-esencias-inciensos.com\/index.php?rest_route=\/wp\/v2\/users\/1"}],"replies":[{"embeddable":true,"href":"https:\/\/magia-esencias-inciensos.com\/index.php?rest_route=%2Fwp%2Fv2%2Fcomments&post=71"}],"version-history":[{"count":6,"href":"https:\/\/magia-esencias-inciensos.com\/index.php?rest_route=\/wp\/v2\/pages\/71\/revisions"}],"predecessor-version":[{"id":77,"href":"https:\/\/magia-esencias-inciensos.com\/index.php?rest_route=\/wp\/v2\/pages\/71\/revisions\/77"}],"wp:attachment":[{"href":"https:\/\/magia-esencias-inciensos.com\/index.php?rest_route=%2Fwp%2Fv2%2Fmedia&parent=71"}],"curies":[{"name":"wp","href":"https:\/\/api.w.org\/{rel}","templated":true}]}}