{"id":41,"date":"2020-07-30T14:20:42","date_gmt":"2020-07-30T14:20:42","guid":{"rendered":"https:\/\/magia-esencias-inciensos.com\/?page_id=41"},"modified":"2020-07-30T14:20:42","modified_gmt":"2020-07-30T14:20:42","slug":"simbolos","status":"publish","type":"page","link":"https:\/\/magia-esencias-inciensos.com\/?page_id=41","title":{"rendered":"S\u00edmbolos"},"content":{"rendered":"<div style=\"width: 720px;\" class=\"wp-video\"><video class=\"wp-video-shortcode\" id=\"video-41-1\" width=\"720\" height=\"406\" preload=\"metadata\" controls=\"controls\"><source type=\"video\/mp4\" src=\"https:\/\/magia-esencias-inciensos.com\/wp-content\/uploads\/2020\/07\/MEI2007Mk05M.mp4?_=1\" \/><a href=\"https:\/\/magia-esencias-inciensos.com\/wp-content\/uploads\/2020\/07\/MEI2007Mk05M.mp4\">https:\/\/magia-esencias-inciensos.com\/wp-content\/uploads\/2020\/07\/MEI2007Mk05M.mp4<\/a><\/video><\/div>\n<p>&#8212;&#8212;<\/p>\n<p><img loading=\"lazy\" decoding=\"async\" src=\"https:\/\/magia-esencias-inciensos.com\/wp-content\/uploads\/2020\/07\/MEI2007Mk05a.png\" alt=\"S\u00edmbolos\" width=\"720\" height=\"449\" class=\"alignnone size-full wp-image-88\" srcset=\"https:\/\/magia-esencias-inciensos.com\/wp-content\/uploads\/2020\/07\/MEI2007Mk05a.png 720w, https:\/\/magia-esencias-inciensos.com\/wp-content\/uploads\/2020\/07\/MEI2007Mk05a-300x187.png 300w\" sizes=\"auto, (max-width: 720px) 100vw, 720px\" \/><\/p>\n<p>&#8212;&#8212;<\/p>\n<p><strong>Pent\u00e1culo<\/strong><\/p>\n<p>El pent\u00e1culo es una estrella de cinco puntas, o pentagrama, contenida dentro de un c\u00edrculo. Los cinco puntos de la estrella representan los cuatro elementos cl\u00e1sicos, junto con un quinto elemento, que generalmente es Esp\u00edritu o Ser. Para realizar magia que limpia o desvanece las cosas, dibuja el pent\u00e1culo comenzando en el punto superior y bajando a la derecha inferior, luego a la izquierda superior, cruza a la derecha superior y luego a la izquierda inferior y vuelve a subir. Para realizar magia que atrae o protege, a\u00fan comenzar\u00eda en el punto superior, pero bajar\u00eda a la esquina inferior izquierda, invirtiendo el proceso.<\/p>\n<p><strong>Coyote<\/strong><\/p>\n<p>Es el s\u00edmbolo amerindio para el Tramposo que alternativamente asume la forma de un coyote o un hombre real. El Coyote es el guardi\u00e1n de la magia, y es maestro y creador. Denota tanto locura como sabidur\u00eda y el equilibrio de los dos. Es un s\u00edmbolo poderoso en la tradici\u00f3n mexicana local. El coyote usa el enga\u00f1o y el humor para rebelarse contra las convenciones sociales. El animal fue especialmente respetado en la cosmolog\u00eda mesoamericana como s\u00edmbolo de poder militar.<\/p>\n<p><strong>Nudo de Escudo Celta<\/strong><\/p>\n<p>El nudo del escudo celta se utiliza para proteger y guardar. Los nudos de escudo han aparecido en culturas de todo el mundo y han tomado una variedad de formas diferentes. Tienen una forma universalmente casi cuadrada, y el nudo del dise\u00f1o var\u00eda de simple a complejo. En la versi\u00f3n celta, se forman una serie de nudos.<\/p>\n<p><strong>Ankh<\/strong><\/p>\n<p>El ankh es el antiguo s\u00edmbolo egipcio de la vida eterna. Seg\u00fan El libro egipcio de vivir y morir, el ankh es la clave de la vida. Una teor\u00eda es que el bucle en la parte superior simboliza el sol naciente, la barra horizontal representa la energ\u00eda femenina y la barra vertical indica la energ\u00eda masculina. Juntos se combinan para formar un s\u00edmbolo de fertilidad y poder.<\/p>\n<p><strong>Magia, Esencia e Inciensos<\/strong><\/p>\n<p>M E I (Magia, Esencia e Inciensos)<\/p>\n<p><strong>Natalie<\/strong><\/p>\n","protected":false},"excerpt":{"rendered":"<p>&#8212;&#8212; &#8212;&#8212; Pent\u00e1culo El pent\u00e1culo es una estrella de cinco puntas, o pentagrama, contenida dentro de un c\u00edrculo. Los cinco puntos de la estrella representan los cuatro elementos cl\u00e1sicos, junto con un quinto elemento, que generalmente es Esp\u00edritu o Ser. Para realizar magia que limpia o desvanece las cosas, dibuja el pent\u00e1culo comenzando en el &#8230; <a title=\"S\u00edmbolos\" class=\"read-more\" href=\"https:\/\/magia-esencias-inciensos.com\/?page_id=41\" aria-label=\"Read more about S\u00edmbolos\">Read more<\/a><\/p>\n","protected":false},"author":1,"featured_media":0,"parent":0,"menu_order":0,"comment_status":"closed","ping_status":"closed","template":"","meta":{"footnotes":""},"class_list":["post-41","page","type-page","status-publish"],"_links":{"self":[{"href":"https:\/\/magia-esencias-inciensos.com\/index.php?rest_route=\/wp\/v2\/pages\/41","targetHints":{"allow":["GET"]}}],"collection":[{"href":"https:\/\/magia-esencias-inciensos.com\/index.php?rest_route=\/wp\/v2\/pages"}],"about":[{"href":"https:\/\/magia-esencias-inciensos.com\/index.php?rest_route=\/wp\/v2\/types\/page"}],"author":[{"embeddable":true,"href":"https:\/\/magia-esencias-inciensos.com\/index.php?rest_route=\/wp\/v2\/users\/1"}],"replies":[{"embeddable":true,"href":"https:\/\/magia-esencias-inciensos.com\/index.php?rest_route=%2Fwp%2Fv2%2Fcomments&post=41"}],"version-history":[{"count":2,"href":"https:\/\/magia-esencias-inciensos.com\/index.php?rest_route=\/wp\/v2\/pages\/41\/revisions"}],"predecessor-version":[{"id":91,"href":"https:\/\/magia-esencias-inciensos.com\/index.php?rest_route=\/wp\/v2\/pages\/41\/revisions\/91"}],"wp:attachment":[{"href":"https:\/\/magia-esencias-inciensos.com\/index.php?rest_route=%2Fwp%2Fv2%2Fmedia&parent=41"}],"curies":[{"name":"wp","href":"https:\/\/api.w.org\/{rel}","templated":true}]}}